 remainder when 643137 is divided by 214374.
15
What is the remainder when 289253004 is divided by 37?
28
What is the remainder when 328187 is divided by 4089?
1067
Calculate the remainder when 192115 is divided by 2717.
1925
What is the remainder when 356985 is divided by 16211?
343
Calculate the remainder when 739589068 is divided by 11.
9
What is the remainder when 72907 is divided by 2292?
1855
Calculate the remainder when 17329165 is divided by 30.
25
Calculate the remainder when 23687 is divided by 11469.
749
Calculate the remainder when 48268 is divided by 926.
116
Calculate the remainder when 115289 is divided by 3365.
879
Calculate the remainder when 52299982 is divided by 26149985.
12
What is the remainder when 4016811 is divided by 1004199?
15
What is the remainder when 31482 is divided by 7758?
450
Calculate the remainder when 171137669 is divided by 165.
164
Calculate the remainder when 50386 is divided by 2011.
111
Calculate the remainder when 16989570 is divided by 894.
888
Calculate the remainder when 1047099 is divided by 7130.
6119
Calculate the remainder when 173782738 is divided by 264.
250
Calculate the remainder when 279327078 is divided by 1023.
1020
Calculate the remainder when 35691129 is divided by 116.
17
Calculate the remainder when 1955690 is divided by 1955682.
8
Calculate the remainder when 442928347 is divided by 96.
91
What is the remainder when 26907797 is divided by 693?
686
What is the remainder when 19428483 is divided by 1942847?
13
What is the remainder when 1829266 is divided by 13858?
10
What is the remainder when 738776 is divided by 123107?
134
Calculate the remainder when 4537784 is divided by 4233.
8
Calculate the remainder when 645884 is divided by 352.
316
Calculate the remainder when 247595695 is divided by 3300.
3295
What is the remainder when 27231 is divided by 4513?
153
Calculate the remainder when 2975593 is divided by 3432.
49
Calculate the remainder when 189688 is divided by 2592.
472
Calculate the remainder when 8687679 is divided by 170.
169
What is the remainder when 123999 is divided by 80?
79
Calculate the remainder when 8315362 is divided by 2771781.
19
What is the remainder when 2992590 is divided by 1748?
14
Calculate the remainder when 296837 is divided by 15598.
475
Calculate the remainder when 366281 is divided by 697.
356
What is the remainder when 38298 is divided by 8644?
3722
What is the remainder when 778682 is divided by 27810?
2
Calculate the remainder when 296496 is divided by 26.
18
Calculate the remainder when 31260 is divided by 3921.
3813
What is the remainder when 29137907 is divided by 450?
407
What is the remainder when 366810 is divided by 121817?
1359
Calculate the remainder when 119409 is divided by 11887.
539
What is the remainder when 1022227 is divided by 7098?
115
What is the remainder when 13864414 is divided by 462146?
34
Calculate the remainder when 10329168 is divided by 53.
51
Calculate the remainder when 1521483 is divided by 162.
141
Calculate the remainder when 127423 is divided by 42449.
76
Calculate the remainder when 279582710 is divided by 7300.
10
Calculate the remainder when 394082 is divided by 97569.
3806
What is the remainder when 252136 is divided by 1682?
1518
Calculate the remainder when 801509 is divided by 10614.
5459
What is the remainder when 250572 is divided by 7222?
5024
Calculate the remainder when 32397106 is divided by 10799023.
37
What is the remainder when 34389 is divided by 827?
482
Calculate the remainder when 430135 is divided by 214937.
261
Calculate the remainder when 16352666 is divided by 16352640.
26
What is the remainder when 10796957 is divided by 556?
549
What is the remainder when 222186 is divided by 74031?
93
Calculate the remainder when 8396130 is divided by 493883.
119
Calculate the remainder when 80069830 is divided by 598.
22
What is the remainder when 5930633 is divided by 25?
8
Calculate the remainder when 7186 is divided by 1639.
630
What is the remainder when 5408747 is divided by 395?
12
What is the remainder when 723394 is divided by 9?
1
Calculate the remainder when 354881 is divided by 3256.
3233
Calculate the remainder when 2097711 is divided by 2246.
2193
What is the remainder when 12853936 is divided by 6?
4
What is the remainder when 518022429 is divided by 11642?
11639
What is the remainder when 573770756 is divided by 9671?
9668
Calculate the remainder when 537562 is divided by 3037.
13
Calculate the remainder when 13266676 is divided by 173.
171
Calculate the remainder when 13437380 is divided by 33.
11
What is the remainder when 35608 is divided by 8808?
376
Calculate the remainder when 27451380 is divided by 9666.
9606
What is the remainder when 833254 is divided by 107?
45
What is the remainder when 7792509 is divided by 1561?
1558
Calculate the remainder when 151411433 is divided by 81012.
5
Calculate the remainder when 43211 is divided by 381.
158
Calculate the remainder when 43153949 is divided by 366.
353
Calculate the remainder when 1105676 is divided by 17027.
15948
What is the remainder when 1474212 is divided by 1451?
1447
What is the remainder when 6093 is divided by 908?
645
What is the remainder when 11638031 is divided by 399?
398
Calculate the remainder when 89034 is divided by 9890.
24
Calculate the remainder when 302537 is divided by 301966.
571
What is the remainder when 5948173 is divided by 9?
1
What is the remainder when 566204 is divided by 47168?
188
Calculate the remainder when 630235 is divided by 312.
307
What is the remainder when 350732483 is divided by 11?
2
Calculate the remainder when 22701 is divided by 4649.
4105
What is the remainder when 20047387 is divided by 216?
211
Calculate the remainder when 1007673 is divided by 1007390.
283
What is the remainder when 6652821 is divided by 407?
406
Calculate the remainder when 24242 is divided by 1516.
1502
What is the remainder when 40081216 is divided by 657069?
7
What is the remainder when 404058246 is divided by 422?
420
Calculate the remainder when 30972298 is divided by 24.
10
Calculate the remainder when 63522 is divided by 530.
452
What is the remainder when 429837 is divided by 146?
13
Calculate the remainder when 212644939 is divided by 1751.
1748
What is the remainder when 1772 is divided by 435?
32
What is the remainder when 114078 is divided by 114076?
2
What is the remainder when 589939 is divided by 1311?
1300
What is the remainder when 31628 is divided by 1371?
95
What is the remainder when 66520 is divided by 811?
18
Calculate the remainder when 392928 is divided by 98094.
552
Calculate the remainder when 52917709 is divided by 4918.
29
Calculate the remainder when 2796721565 is divided by 11471.
11468
What is the remainder when 14643224 is divided by 36608?
24
What is the remainder when 2186092 is divided by 2634?
2506
What is the remainder when 1780457 is divided by 618?
617
What is the remainder when 94805 is divided by 1089?
62
Calculate the remainder when 11849311 is divided by 53.
48
What is the remainder when 48660 is divided by 417?
288
Calculate the remainder when 545335 is divided by 113.
110
Calculate the remainder when 5450270 is divided by 908357.
128
Calculate the remainder when 94367 is divided by 47169.
29
What is the remainder when 1419207 is divided by 4285?
872
What is the remainder when 1465603 is divided by 1204?
335
What is the remainder when 682286 is divided by 2394?
2390
What is the remainder when 162866 is divided by 40223?
1974
What is the remainder when 4050603 is divided by 40506?
3
Calculate the remainder when 2266316 is divided by 4228.
108
What is the remainder when 2052111 is divided by 383?
380
Calculate the remainder when 381006571 is divided by 316.
315
Calculate the remainder when 7866313 is divided by 786624.
73
What is the remainder when 858214 is divided by 113?
92
What is the remainder when 58211 is divided by 2905?
111
What is the remainder when 162587 is divided by 39915?
2927
What is the remainder when 446190 is divided by 309?
303
Calculate the remainder when 7087002 is divided by 1385.
1342
Calculate the remainder when 429134 is divided by 8533.
2484
Calculate the remainder when 408316858 is divided by 4415.
4413
Calculate the remainder when 234112 i